 when 6139 is divided by 89.
87
Calculate the remainder when 27316 is divided by 87.
85
What is the remainder when 33124 is divided by 441?
49
What is the remainder when 10779 is divided by 299?
15
Calculate the remainder when 85884 is divided by 5367.
12
Calculate the remainder when 29052 is divided by 15.
12
Calculate the remainder when 127003 is divided by 3340.
83
Calculate the remainder when 204164 is divided by 39.
38
Calculate the remainder when 149842 is divided by 21406.
0
What is the remainder when 5364 is divided by 29?
28
Calculate the remainder when 15473 is divided by 5045.
338
Calculate the remainder when 13237 is divided by 631.
617
Calculate the remainder when 5624 is divided by 1775.
299
Calculate the remainder when 22835 is divided by 6.
5
What is the remainder when 425702 is divided by 23?
18
What is the remainder when 6416 is divided by 2034?
314
What is the remainder when 3614 is divided by 108?
50
What is the remainder when 6446 is divided by 3217?
12
Calculate the remainder when 110777 is divided by 6514.
39
Calculate the remainder when 63525 is divided by 338.
319
Calculate the remainder when 253958 is divided by 35.
33
Calculate the remainder when 22430 is divided by 234.
200
Calculate the remainder when 376 is divided by 114.
34
What is the remainder when 93808 is divided by 159?
157
What is the remainder when 133534 is divided by 312?
310
Calculate the remainder when 7360 is divided by 144.
16
What is the remainder when 58064 is divided by 581?
545
What is the remainder when 12626 is divided by 1755?
341
Calculate the remainder when 13784 is divided by 18.
14
What is the remainder when 2247 is divided by 724?
75
What is the remainder when 1024055 is divided by 7?
4
Calculate the remainder when 1456 is divided by 404.
244
What is the remainder when 26120 is divided by 8706?
2
Calculate the remainder when 569039 is divided by 8.
7
What is the remainder when 193664 is divided by 2278?
34
Calculate the remainder when 22015 is divided by 30.
25
What is the remainder when 9071 is divided by 24?
23
What is the remainder when 9027 is divided by 794?
293
What is the remainder when 56650 is divided by 194?
2
What is the remainder when 165529 is divided by 26?
13
Calculate the remainder when 3449 is divided by 476.
117
What is the remainder when 59804 is divided by 11950?
54
Calculate the remainder when 67604 is divided by 47.
18
Calculate the remainder when 58665 is divided by 1833.
9
Calculate the remainder when 225037 is divided by 8.
5
What is the remainder when 1225 is divided by 1154?
71
Calculate the remainder when 11042 is divided by 438.
92
What is the remainder when 9246 is divided by 3068?
42
Calculate the remainder when 9743 is divided by 148.
123
What is the remainder when 73672 is divided by 27?
16
Calculate the remainder when 128432 is divided by 21404.
8
Calculate the remainder when 6488 is divided by 354.
116
What is the remainder when 12086 is divided by 4923?
2240
Calculate the remainder when 22534 is divided by 3216.
22
Calculate the remainder when 20528 is divided by 2921.
81
What is the remainder when 102683 is divided by 398?
397
Calculate the remainder when 25192 is divided by 25.
17
Calculate the remainder when 6170 is divided by 383.
42
What is the remainder when 74017 is divided by 219?
214
Calculate the remainder when 249598 is divided by 150.
148
What is the remainder when 41394 is divided by 30?
24
What is the remainder when 20292 is divided by 615?
612
What is the remainder when 445253 is divided by 27828?
5
What is the remainder when 228133 is divided by 335?
333
Calculate the remainder when 972436 is divided by 501.
496
What is the remainder when 3503806 is divided by 126?
124
What is the remainder when 1463 is divided by 377?
332
What is the remainder when 633143 is divided by 69?
68
Calculate the remainder when 15464 is divided by 35.
29
Calculate the remainder when 68591 is divided by 1161.
92
Calculate the remainder when 2052708 is divided by 263.
256
Calculate the remainder when 969764 is divided by 321.
23
What is the remainder when 6529 is divided by 344?
337
What is the remainder when 33523 is divided by 45?
43
What is the remainder when 46453 is divided by 588?
1
Calculate the remainder when 3623999 is divided by 302.
301
What is the remainder when 5784 is divided by 215?
194
What is the remainder when 219069 is divided by 168?
165
Calculate the remainder when 458 is divided by 58.
52
Calculate the remainder when 281226 is divided by 20.
6
What is the remainder when 1917 is divided by 403?
305
Calculate the remainder when 5482 is divided by 1815.
37
Calculate the remainder when 2113 is divided by 28.
13
What is the remainder when 134125 is divided by 41?
14
What is the remainder when 1129 is divided by 63?
58
What is the remainder when 645 is divided by 452?
193
Calculate the remainder when 12727 is divided by 1157.
0
What is the remainder when 3362 is divided by 29?
27
Calculate the remainder when 20271 is divided by 20268.
3
Calculate the remainder when 8458 is divided by 327.
283
What is the remainder when 6404 is divided by 118?
32
What is the remainder when 13660 is divided by 2678?
270
Calculate the remainder when 9529 is divided by 9523.
6
What is the remainder when 712 is divided by 144?
136
What is the remainder when 29318 is divided by 35?
23
Calculate the remainder when 54521 is divided by 5448.
41
What is the remainder when 4407 is divided by 41?
20
Calculate the remainder when 4390 is divided by 551.
533
Calculate the remainder when 104776 is divided by 155.
151
What is the remainder when 4614874 is divided by 36?
34
Calculate the remainder when 14478 is divided by 560.
478
What is the remainder when 54035 is divided by 474?
473
What is the remainder when 71855 is divided by 1842?
17
What is the remainder when 4498 is divided by 3695?
803
What is the remainder when 15999 is divided by 38?
1
What is the remainder when 8857 is divided by 681?
4
What is the remainder when 161523 is divided by 381?
360
Calculate the remainder when 136431 is divided by 162.
27
What is the remainder when 6300 is divided by 1258?
10
What is the remainder when 1362 is divided by 454?
0
What is the remainder when 29439 is divided by 92?
91
Calculate the remainder when 4343 is divided by 2.
1
Calculate the remainder when 296961 is divided by 148478.
5
Calculate the remainder when 2530 is divided by 2497.
33
Calculate the remainder when 298409 is divided by 298399.
10
Calculate the remainder when 16223 is divided by 463.
18
Calculate the remainder when 3523 is divided by 26.
13
What is the remainder when 28046 is divided by 1559?
1543
Calculate the remainder when 8051 is divided by 623.
575
Calculate the remainder when 82992 is divided by 1277.
1264
Calculate the remainder when 112809 is divided by 42.
39
Calculate the remainder when 1306 is divided by 207.
64
What is the remainder when 1631 is divided by 557?
517
What is the remainder when 403 is divided by 10?
3
Calculate the remainder when 6382123 is divided by 7.
6
Calculate the remainder when 12841 is divided by 4.
1
Calculate the remainder when 2231 is divided by 993.
245
What is the remainder when 144782 is divided by 750?
32
Calculate the remainder when 1988 is divided by 87.
74
Calculate the remainder when 4073536 is divided by 59.
58
Calculate the remainder when 219243 is divided by 250.
243
Calculate the remainder when 61036 is divided by 21.
10
Calculate the remainder when 20380 is divided by 134.
12
What is the remainder when 1081376 is divided by 1345?
1341
What is the remainder when 2294 is divided by 1363?
931
Calculate the remainder when 68484 is divided by 41.
14
What is the remainder when 1117532 is divided by 32?
28
Calculate the remainder when 9325 is divided by 1036.
1
Calculate the remainder when 32192 is divided by 453.
29
What is the remainder when 153921 is divided by 12825?
21
What is the remainder when 9993 is divided by 831?
21
Calculate the remainder when 47729 is divided by 15893.
50
Calculate the remainder when 1882 is divided by 392.
314
Calculate the remainder when 125030 is divided by 479.
11
Calculate the remainder when 1474 is divided by 1472.
2
Calculate the remainder when 2982 is divided by 103.
98
What is 